{"id":1189,"date":"2023-04-02T16:37:38","date_gmt":"2023-04-02T16:37:38","guid":{"rendered":"https:\/\/acsinserta.com\/?page_id=1189"},"modified":"2023-04-04T16:58:06","modified_gmt":"2023-04-04T16:58:06","slug":"accesibilidad","status":"publish","type":"page","link":"https:\/\/acsinserta.com\/index.php\/accesibilidad\/","title":{"rendered":"Accesibilidad"},"content":{"rendered":"\t\t<div data-elementor-type=\"wp-page\" data-elementor-id=\"1189\" class=\"elementor elementor-1189\" data-elementor-post-type=\"page\">\n\t\t\t\t\t\t<section class=\"elementor-section elementor-top-section elementor-element elementor-element-90bb167 elementor-section-boxed elementor-section-height-default elementor-section-height-default\" data-id=\"90bb167\" data-element_type=\"section\" data-e-type=\"section\">\n\t\t\t\t\t\t<div class=\"elementor-container elementor-column-gap-default\">\n\t\t\t\t\t<div class=\"elementor-column elementor-col-100 elementor-top-column elementor-element elementor-element-36810d7\" data-id=\"36810d7\" data-element_type=\"column\" data-e-type=\"column\">\n\t\t\t<div class=\"elementor-widget-wrap elementor-element-populated\">\n\t\t\t\t\t\t<div class=\"elementor-element elementor-element-802dff0 elementor-widget elementor-widget-heading\" data-id=\"802dff0\" data-element_type=\"widget\" data-e-type=\"widget\" data-widget_type=\"heading.default\">\n\t\t\t\t<div class=\"elementor-widget-container\">\n\t\t\t\t\t<h1 class=\"elementor-heading-title elementor-size-default\">Accesibilidad<\/h1>\t\t\t\t<\/div>\n\t\t\t\t<\/div>\n\t\t\t\t\t<\/div>\n\t\t<\/div>\n\t\t\t\t\t<\/div>\n\t\t<\/section>\n\t\t\t\t<section class=\"elementor-section elementor-top-section elementor-element elementor-element-f5ba5ed elementor-section-boxed elementor-section-height-default elementor-section-height-default\" data-id=\"f5ba5ed\" data-element_type=\"section\" data-e-type=\"section\">\n\t\t\t\t\t\t<div class=\"elementor-container elementor-column-gap-default\">\n\t\t\t\t\t<div class=\"elementor-column elementor-col-100 elementor-top-column elementor-element elementor-element-7d83a01\" data-id=\"7d83a01\" data-element_type=\"column\" data-e-type=\"column\">\n\t\t\t<div class=\"elementor-widget-wrap elementor-element-populated\">\n\t\t\t\t\t\t<div class=\"elementor-element elementor-element-ba7d2c5 elementor-widget elementor-widget-text-editor\" data-id=\"ba7d2c5\" data-element_type=\"widget\" data-e-type=\"widget\" data-widget_type=\"text-editor.default\">\n\t\t\t\t<div class=\"elementor-widget-container\">\n\t\t\t\t\t\t\t\t\t<p>La Web de ACS Inserta ha sido realizada para que sea accesible a todos los usuarios, con la intenci\u00f3n de garantizar el acceso a la informaci\u00f3n y a los servicios existentes sin limitaciones ni restriciones.<\/p><p>Para conseguir dicha finalidad la p\u00e1gina Web debe cumplir una normas y recomendaciones indicadas por el grupo de trabajo Web Accessibility Initiative (WAI)\u00a0<a title=\"WAI\" href=\"http:\/\/www.w3.org\/WAI\/\" target=\"_blank\" rel=\"noopener\" hreflang=\"es\">http:\/\/www.w3.org\/WAI\/ (en ventana nueva)<\/a>\u00a0que forma parte del World Wide Web Consortium (W3C)\u00a0<a title=\"W3C\" href=\"http:\/\/www.w3.org\/\" target=\"_blank\" rel=\"noopener\" hreflang=\"es\">http:\/\/www.w3.org (en ventana nueva)<\/a>.<\/p><p>Siguiendo este criterio la p\u00e1gina Web debe estar adaptada al nivel de adecuaci\u00f3n Triple<span class=\"dtSubTitulo\">-A<\/span>\u00a0(AAA) a fin de asegurar un grado suficiente de accesibilidad a su contenido.<\/p><p>Para ello se pasa a enumerar las caracter\u00edsticas de dicha p\u00e1gina Web:<\/p><ul><li>Los tipos de letra utilizan tama\u00f1os relativos. Si el usuario prefiere un tama\u00f1o distinto de texto puede seleccionarlo en el navegador y la p\u00e1gina se adaptar\u00e1 a dicho tama\u00f1o.<\/li><li>Las tablas de datos contienen encabezamientos de fila y de columna.<\/li><li>La maquetaci\u00f3n se ha conseguido mediante elementos de bloque y hojas de estilo en cascada (CSS).<\/li><li>Todo documento debe poder ser le\u00eddo sin estas hojas de estilo.<\/li><li>Las imagenes decorativas no son imprescindibles para la comprensi\u00f3n de los contenidos. En caso contrario, se proporciona un texto equivalente para todo elemento no textual mediante el uso de las etiquetas y de los atributos \u00abalt\u00bb, \u00ablongdesc\u00bb o \u00abtitle\u00bb.<\/li><\/ul>\t\t\t\t\t\t\t\t<\/div>\n\t\t\t\t<\/div>\n\t\t\t\t\t<\/div>\n\t\t<\/div>\n\t\t\t\t\t<\/div>\n\t\t<\/section>\n\t\t\t\t<\/div>\n\t\t","protected":false},"excerpt":{"rendered":"<p>Accesibilidad La Web de ACS Inserta ha sido realizada para que sea accesible a todos los usuarios, con la intenci\u00f3n de garantizar el acceso a la informaci\u00f3n y a los servicios existentes sin limitaciones ni restriciones. Para conseguir dicha finalidad la p\u00e1gina Web debe cumplir una normas y recomendaciones indicadas por el grupo de trabajo &hellip;<\/p>\n<p class=\"read-more\"> <a class=\"\" href=\"https:\/\/acsinserta.com\/index.php\/accesibilidad\/\"> <span class=\"screen-reader-text\">Accesibilidad<\/span> Leer m\u00e1s &raquo;<\/a><\/p>\n","protected":false},"author":1,"featured_media":0,"parent":0,"menu_order":0,"comment_status":"closed","ping_status":"closed","template":"","meta":{"site-sidebar-layout":"no-sidebar","site-content-layout":"page-builder","ast-global-header-display":"","ast-banner-title-visibility":"","ast-main-header-display":"","ast-hfb-above-header-display":"","ast-hfb-below-header-display":"","ast-hfb-mobile-header-display":"","site-post-title":"disabled","ast-breadcrumbs-content":"","ast-featured-img":"disabled","footer-sml-layout":"","theme-transparent-header-meta":"","adv-header-id-meta":"","stick-header-meta":"","header-above-stick-meta":"","header-main-stick-meta":"","header-below-stick-meta":"","footnotes":""},"class_list":["post-1189","page","type-page","status-publish","hentry"],"yoast_head":"<!-- This site is optimized with the Yoast SEO plugin v27.5 - https:\/\/yoast.com\/product\/yoast-seo-wordpress\/ -->\n<title>Accesibilidad - ACS Inserta<\/title>\n<meta name=\"robots\" content=\"index, follow, max-snippet:-1, max-image-preview:large, max-video-preview:-1\" \/>\n<link rel=\"canonical\" href=\"https:\/\/acsinserta.com\/index.php\/accesibilidad\/\" \/>\n<meta property=\"og:locale\" content=\"es_ES\" \/>\n<meta property=\"og:type\" content=\"article\" \/>\n<meta property=\"og:title\" content=\"Accesibilidad - ACS Inserta\" \/>\n<meta property=\"og:description\" content=\"Accesibilidad La Web de ACS Inserta ha sido realizada para que sea accesible a todos los usuarios, con la intenci\u00f3n de garantizar el acceso a la informaci\u00f3n y a los servicios existentes sin limitaciones ni restriciones. Para conseguir dicha finalidad la p\u00e1gina Web debe cumplir una normas y recomendaciones indicadas por el grupo de trabajo &hellip; Accesibilidad Leer m\u00e1s &raquo;\" \/>\n<meta property=\"og:url\" content=\"https:\/\/acsinserta.com\/index.php\/accesibilidad\/\" \/>\n<meta property=\"og:site_name\" content=\"ACS Inserta\" \/>\n<meta property=\"article:publisher\" content=\"https:\/\/www.facebook.com\/afs.cee\" \/>\n<meta property=\"article:modified_time\" content=\"2023-04-04T16:58:06+00:00\" \/>\n<meta name=\"twitter:card\" content=\"summary_large_image\" \/>\n<meta name=\"twitter:label1\" content=\"Tiempo de lectura\" \/>\n\t<meta name=\"twitter:data1\" content=\"2 minutos\" \/>\n<script type=\"application\/ld+json\" class=\"yoast-schema-graph\">{\"@context\":\"https:\\\/\\\/schema.org\",\"@graph\":[{\"@type\":\"WebPage\",\"@id\":\"https:\\\/\\\/acsinserta.com\\\/index.php\\\/accesibilidad\\\/\",\"url\":\"https:\\\/\\\/acsinserta.com\\\/index.php\\\/accesibilidad\\\/\",\"name\":\"Accesibilidad - ACS Inserta\",\"isPartOf\":{\"@id\":\"https:\\\/\\\/acsinserta.com\\\/#website\"},\"datePublished\":\"2023-04-02T16:37:38+00:00\",\"dateModified\":\"2023-04-04T16:58:06+00:00\",\"breadcrumb\":{\"@id\":\"https:\\\/\\\/acsinserta.com\\\/index.php\\\/accesibilidad\\\/#breadcrumb\"},\"inLanguage\":\"es\",\"potentialAction\":[{\"@type\":\"ReadAction\",\"target\":[\"https:\\\/\\\/acsinserta.com\\\/index.php\\\/accesibilidad\\\/\"]}]},{\"@type\":\"BreadcrumbList\",\"@id\":\"https:\\\/\\\/acsinserta.com\\\/index.php\\\/accesibilidad\\\/#breadcrumb\",\"itemListElement\":[{\"@type\":\"ListItem\",\"position\":1,\"name\":\"Portada\",\"item\":\"https:\\\/\\\/acsinserta.com\\\/\"},{\"@type\":\"ListItem\",\"position\":2,\"name\":\"Accesibilidad\"}]},{\"@type\":\"WebSite\",\"@id\":\"https:\\\/\\\/acsinserta.com\\\/#website\",\"url\":\"https:\\\/\\\/acsinserta.com\\\/\",\"name\":\"ACS Inserta\",\"description\":\"Centro especial de empleo y servicios integrales\",\"publisher\":{\"@id\":\"https:\\\/\\\/acsinserta.com\\\/#organization\"},\"potentialAction\":[{\"@type\":\"SearchAction\",\"target\":{\"@type\":\"EntryPoint\",\"urlTemplate\":\"https:\\\/\\\/acsinserta.com\\\/?s={search_term_string}\"},\"query-input\":{\"@type\":\"PropertyValueSpecification\",\"valueRequired\":true,\"valueName\":\"search_term_string\"}}],\"inLanguage\":\"es\"},{\"@type\":\"Organization\",\"@id\":\"https:\\\/\\\/acsinserta.com\\\/#organization\",\"name\":\"ACS Inserta\",\"url\":\"https:\\\/\\\/acsinserta.com\\\/\",\"logo\":{\"@type\":\"ImageObject\",\"inLanguage\":\"es\",\"@id\":\"https:\\\/\\\/acsinserta.com\\\/#\\\/schema\\\/logo\\\/image\\\/\",\"url\":\"https:\\\/\\\/acsinserta.com\\\/wp-content\\\/uploads\\\/2023\\\/02\\\/LogoACSINSERTA.png\",\"contentUrl\":\"https:\\\/\\\/acsinserta.com\\\/wp-content\\\/uploads\\\/2023\\\/02\\\/LogoACSINSERTA.png\",\"width\":300,\"height\":170,\"caption\":\"ACS Inserta\"},\"image\":{\"@id\":\"https:\\\/\\\/acsinserta.com\\\/#\\\/schema\\\/logo\\\/image\\\/\"},\"sameAs\":[\"https:\\\/\\\/www.facebook.com\\\/afs.cee\"]}]}<\/script>\n<!-- \/ Yoast SEO plugin. -->","yoast_head_json":{"title":"Accesibilidad - ACS Inserta","robots":{"index":"index","follow":"follow","max-snippet":"max-snippet:-1","max-image-preview":"max-image-preview:large","max-video-preview":"max-video-preview:-1"},"canonical":"https:\/\/acsinserta.com\/index.php\/accesibilidad\/","og_locale":"es_ES","og_type":"article","og_title":"Accesibilidad - ACS Inserta","og_description":"Accesibilidad La Web de ACS Inserta ha sido realizada para que sea accesible a todos los usuarios, con la intenci\u00f3n de garantizar el acceso a la informaci\u00f3n y a los servicios existentes sin limitaciones ni restriciones. Para conseguir dicha finalidad la p\u00e1gina Web debe cumplir una normas y recomendaciones indicadas por el grupo de trabajo &hellip; Accesibilidad Leer m\u00e1s &raquo;","og_url":"https:\/\/acsinserta.com\/index.php\/accesibilidad\/","og_site_name":"ACS Inserta","article_publisher":"https:\/\/www.facebook.com\/afs.cee","article_modified_time":"2023-04-04T16:58:06+00:00","twitter_card":"summary_large_image","twitter_misc":{"Tiempo de lectura":"2 minutos"},"schema":{"@context":"https:\/\/schema.org","@graph":[{"@type":"WebPage","@id":"https:\/\/acsinserta.com\/index.php\/accesibilidad\/","url":"https:\/\/acsinserta.com\/index.php\/accesibilidad\/","name":"Accesibilidad - ACS Inserta","isPartOf":{"@id":"https:\/\/acsinserta.com\/#website"},"datePublished":"2023-04-02T16:37:38+00:00","dateModified":"2023-04-04T16:58:06+00:00","breadcrumb":{"@id":"https:\/\/acsinserta.com\/index.php\/accesibilidad\/#breadcrumb"},"inLanguage":"es","potentialAction":[{"@type":"ReadAction","target":["https:\/\/acsinserta.com\/index.php\/accesibilidad\/"]}]},{"@type":"BreadcrumbList","@id":"https:\/\/acsinserta.com\/index.php\/accesibilidad\/#breadcrumb","itemListElement":[{"@type":"ListItem","position":1,"name":"Portada","item":"https:\/\/acsinserta.com\/"},{"@type":"ListItem","position":2,"name":"Accesibilidad"}]},{"@type":"WebSite","@id":"https:\/\/acsinserta.com\/#website","url":"https:\/\/acsinserta.com\/","name":"ACS Inserta","description":"Centro especial de empleo y servicios integrales","publisher":{"@id":"https:\/\/acsinserta.com\/#organization"},"potentialAction":[{"@type":"SearchAction","target":{"@type":"EntryPoint","urlTemplate":"https:\/\/acsinserta.com\/?s={search_term_string}"},"query-input":{"@type":"PropertyValueSpecification","valueRequired":true,"valueName":"search_term_string"}}],"inLanguage":"es"},{"@type":"Organization","@id":"https:\/\/acsinserta.com\/#organization","name":"ACS Inserta","url":"https:\/\/acsinserta.com\/","logo":{"@type":"ImageObject","inLanguage":"es","@id":"https:\/\/acsinserta.com\/#\/schema\/logo\/image\/","url":"https:\/\/acsinserta.com\/wp-content\/uploads\/2023\/02\/LogoACSINSERTA.png","contentUrl":"https:\/\/acsinserta.com\/wp-content\/uploads\/2023\/02\/LogoACSINSERTA.png","width":300,"height":170,"caption":"ACS Inserta"},"image":{"@id":"https:\/\/acsinserta.com\/#\/schema\/logo\/image\/"},"sameAs":["https:\/\/www.facebook.com\/afs.cee"]}]}},"_links":{"self":[{"href":"https:\/\/acsinserta.com\/index.php\/wp-json\/wp\/v2\/pages\/1189","targetHints":{"allow":["GET"]}}],"collection":[{"href":"https:\/\/acsinserta.com\/index.php\/wp-json\/wp\/v2\/pages"}],"about":[{"href":"https:\/\/acsinserta.com\/index.php\/wp-json\/wp\/v2\/types\/page"}],"author":[{"embeddable":true,"href":"https:\/\/acsinserta.com\/index.php\/wp-json\/wp\/v2\/users\/1"}],"replies":[{"embeddable":true,"href":"https:\/\/acsinserta.com\/index.php\/wp-json\/wp\/v2\/comments?post=1189"}],"version-history":[{"count":7,"href":"https:\/\/acsinserta.com\/index.php\/wp-json\/wp\/v2\/pages\/1189\/revisions"}],"predecessor-version":[{"id":1207,"href":"https:\/\/acsinserta.com\/index.php\/wp-json\/wp\/v2\/pages\/1189\/revisions\/1207"}],"wp:attachment":[{"href":"https:\/\/acsinserta.com\/index.php\/wp-json\/wp\/v2\/media?parent=1189"}],"curies":[{"name":"wp","href":"https:\/\/api.w.org\/{rel}","templated":true}]}}